 1100?
2, 5, 11
What are the prime factors of 62566?
2, 7, 41, 109
What are the prime factors of 1189?
29, 41
What are the prime factors of 21009?
3, 47, 149
What are the prime factors of 3409?
7, 487
What are the prime factors of 280?
2, 5, 7
List the prime factors of 2754.
2, 3, 17
What are the prime factors of 920?
2, 5, 23
List the prime factors of 77502.
2, 3, 12917
What are the prime factors of 1913?
1913
List the prime factors of 23664.
2, 3, 17, 29
What are the prime factors of 43831?
53, 827
What are the prime factors of 153199?
239, 641
List the prime factors of 19321.
139
What are the prime factors of 11813?
11813
What are the prime factors of 1209?
3, 13, 31
List the prime factors of 9530.
2, 5, 953
List the prime factors of 39527.
29, 47
What are the prime factors of 3110?
2, 5, 311
What are the prime factors of 69853?
7, 17, 587
What are the prime factors of 279?
3, 31
List the prime factors of 38077.
13, 29, 101
List the prime factors of 37918.
2, 18959
List the prime factors of 110288.
2, 61, 113
List the prime factors of 1578.
2, 3, 263
List the prime factors of 5730.
2, 3, 5, 191
What are the prime factors of 2245?
5, 449
What are the prime factors of 6123?
3, 13, 157
What are the prime factors of 2963?
2963
What are the prime factors of 7360?
2, 5, 23
What are the prime factors of 4926?
2, 3, 821
List the prime factors of 7368.
2, 3, 307
What are the prime factors of 1320?
2, 3, 5, 11
List the prime factors of 1757.
7, 251
What are the prime factors of 14178?
2, 3, 17, 139
List the prime factors of 2458.
2, 1229
List the prime factors of 15171.
3, 13, 389
List the prime factors of 3267.
3, 11
What are the prime factors of 4226?
2, 2113
What are the prime factors of 5315?
5, 1063
What are the prime factors of 566?
2, 283
What are the prime factors of 64985?
5, 41, 317
List the prime factors of 3485.
5, 17, 41
What are the prime factors of 20117?
20117
List the prime factors of 6410.
2, 5, 641
What are the prime factors of 400?
2, 5
List the prime factors of 11519.
11519
What are the prime factors of 20632?
2, 2579
List the prime factors of 578.
2, 17
List the prime factors of 318.
2, 3, 53
List the prime factors of 2918.
2, 1459
What are the prime factors of 717?
3, 239
What are the prime factors of 4877?
4877
What are the prime factors of 8095?
5, 1619
List the prime factors of 44796.
2, 3, 3733
What are the prime factors of 82813?
82813
List the prime factors of 4481.
4481
List the prime factors of 544.
2, 17
List the prime factors of 11512.
2, 1439
List the prime factors of 20227.
113, 179
List the prime factors of 8556.
2, 3, 23, 31
What are the prime factors of 9428?
2, 2357
What are the prime factors of 3774?
2, 3, 17, 37
What are the prime factors of 1236?
2, 3, 103
What are the prime factors of 10583?
19, 557
What are the prime factors of 4177?
4177
What are the prime factors of 8079?
3, 2693
List the prime factors of 17520.
2, 3, 5, 73
List the prime factors of 27813.
3, 73, 127
What are the prime factors of 6997?
6997
What are the prime factors of 957?
3, 11, 29
List the prime factors of 99857.
61, 1637
List the prime factors of 78370.
2, 5, 17, 461
What are the prime factors of 49707?
3, 7, 263
What are the prime factors of 1797?
3, 599
What are the prime factors of 285?
3, 5, 19
List the prime factors of 11336.
2, 13, 109
List the prime factors of 7397.
13, 569
List the prime factors of 908.
2, 227
List the prime factors of 3515.
5, 19, 37
What are the prime factors of 21372?
2, 3, 13, 137
List the prime factors of 68178.
2, 3, 11, 1033
What are the prime factors of 2328?
2, 3, 97
What are the prime factors of 406?
2, 7, 29
List the prime factors of 38804.
2, 89, 109
What are the prime factors of 6520?
2, 5, 163
What are the prime factors of 23941?
89, 269
What are the prime factors of 2656?
2, 83
What are the prime factors of 1967?
7, 281
What are the prime factors of 47295?
3, 5, 1051
List the prime factors of 9668.
2, 2417
What are the prime factors of 1718?
2, 859
List the prime factors of 4566.
2, 3, 761
List the prime factors of 9570.
2, 3, 5, 11, 29
What are the prime factors of 15631?
7, 11, 29
What are the prime factors of 40321?
61, 661
What are the prime factors of 1514?
2, 757
What are the prime factors of 12103?
7, 13, 19
What are the prime factors of 1465?
5, 293
List the prime factors of 911.
911
What are the prime factors of 3606?
2, 3, 601
What are the prime factors of 31537?
11, 47, 61
List the prime factors of 6513.
3, 13, 167
List the prime factors of 916.
2, 229
What are the prime factors of 3153?
3, 1051
What are the prime factors of 36821?
36821
List the prime factors of 2459.
2459
What are the prime factors of 12781?
12781
What are the prime factors of 34907?
67, 521
What are the prime factors of 2527?
7, 19
What are the prime factors of 548?
2, 137
What are the prime factors of 14594?
2, 7297
List the prime factors of 4562.
2, 2281
List the prime factors of 191.
191
List the prime factors of 3656.
2, 457
What are the prime factors of 8561?
7, 1223
What are the prime factors of 129?
3, 43
List the prime factors of 2953.
2953
What are the prime factors of 10300?
2, 5, 103
List the prime factors of 1802.
2, 17, 53
List the prime factors of 2761.
11, 251
List the prime factors of 170.
2, 5, 17
What are the prime factors of 2704?
2, 13
What are the prime factors of 4398?
2, 3, 733
What are the prime factors of 69570?
2, 3, 5, 773
What are the prime factors of 39621?
3, 47, 281
List the prime factors of 565.
5, 113
List the prime factors of 71.
71
List the prime factors of 44858.
2, 11, 2039
List the prime factors of 5895.
3, 5, 131
List the prime factors of 47839.
11, 4349
What are the prime factors of 10209?
3, 41, 83
What are the prime factors of 889?
7, 127
What are the prime factors of 46546?
2, 17, 37
List the prime factors of 2262.
2, 3, 13, 29
What are the prime factors of 116?
2, 29
List the prime factors of 13241.
13241
What are the prime factors of 20120?
2, 5, 503
What are the prime factors of 468?
2, 3, 13
What are the prime factors of 2?
2
What are the prime factors of 1400?
2, 5, 7
What are the prime factors of 667?
23, 29
What are the prime factors of 69351?
3, 23117
List the prime factors of 4862.
2, 11, 13, 17
What are the prime factors of 330?
2, 3, 5, 11
What are the prime factors of 105152?
2, 31, 53
What are the prime factors of 32085?
3, 5, 23, 31
What are the prime factors of 1166?
2, 11, 53
What are the prime factors of 9869?
71, 139
What are the prime factors of 37278?
2, 3, 19, 109
List the prime factors of 3516.
2, 3, 293
List the prime factors of 61020.
2, 3, 5, 113
List the prime factors of 21138.
2, 3, 13, 271
List the prime factors of 47886.
2, 3, 23, 347
List the prime factors of 31390.
2, 5, 43, 73
What are the prime factors of 95438?
2, 7, 17, 401
List the prime factors of 93414.
2, 3, 15569
List the prime factors of 91462.
2, 7, 47, 139
What are the prime factors of 43088?
2, 2693
What are the prime factors of 11465?
5, 2293
What are the prime factors of 127?
127
What are the prime factors of 13635?
3, 5, 101
List the prime factors of 1916.
2, 479
What are the prime factors of 2901?
3, 967
List the prime factors of 992.
2, 31
List the prime factors of 5058.
2, 3, 281
What are the prime factors of 4130?
2, 5, 7, 59
What are the prime factors of 6329?
6329
List the prime factors of 1709.
1709
List the prime factors of 15129.
3, 41
What are the prime factors of 663?
3, 13, 17
What are the prime factors of 20950?
2, 5, 419
What are the prime factors of 50766?
2, 3, 8461
List the prime factors of 163861.
163861
What are the prime factors of 5407?
5407
List the prime factors of 7404.
2, 3, 617
List the prime factors of 115679.
115679
What are the prime factors of 25773?
3, 11, 71
List the prime factors of 559.
13, 43
What are the prime factors of 89783?
89783
List the prime factors of 17564.
2, 4391
List the prime factors of 27350.
2, 5, 547
List the prime factors of 937.
937
List the prime factors of 444.
2, 3, 37
What are the prime factors of 97753?
67, 1459
List the prime factors of 1645.
5, 7, 47
What are the prime factors of 3344?
2, 11, 19
List the prime factors of 779.
19, 41
What are the prime factors of 803?
11, 73
List the prime factors of 42213.
3, 1